s of o.
2, 3, 4073
Suppose -844256 = -1974*m + 1946*m. List the prime factors of m.
2, 3769
Suppose -57*u + 212952 = -63*u + 120*u. List the prime factors of u.
2, 467
Let t(l) = 11523*l - 75. List the prime factors of t(3).
2, 3, 5749
Let t = -3603 + 3951. What are the prime factors of t?
2, 3, 29
Let w be (-9)/(-3)*(-1 - 4/6). List the prime factors of 1250 + w + 12/(-6).
11, 113
Suppose -k - 4 = -3*i, -2*k + 5*i - 3 = 3. Let y(f) = f**2 - 2*f + 3. Let w be y(k). Suppose s = -w*g + 254, 5*g + 0*s - s = 410. List the prime factors of g.
83
Suppose 0 = -10*x - 2*t + 130184, -t = -3*x + 2*t + 39066. List the prime factors of x.
47, 277
Let z be 13*-9*3/6*2. Let w = -295 - -473. Let l = z + w. List the prime factors of l.
61
Let q(v) = 5*v**2 + 16*v + 868. What are the prime factors of q(40)?
2, 2377
Suppose 2*s + 1 - 5 = 0. Let o be -20 + ((s - 2)/(-1))/1. List the prime factors of 90 - (4/(-10))/(8/o).
89
Let o be (48/45 + (-6)/15)*6. Suppose -o*h + 1228 = -2220. List the prime factors of (h/8 - -3) + (-3)/(-12).
3, 37
Suppose -4*y + 5*o + 109146 - 36285 = 0, 3*y = -3*o + 54639. What are the prime factors of y?
2, 7, 1301
Suppose -72*a - 15 = -69*a. What are the prime factors of (5 - -197)*(-4 - a)?
2, 101
Suppose -3*q + 177754 = g, 274*q = 276*q - 2*g - 118492. What are the prime factors of q?
2, 3, 5, 79
Let a(s) be the second derivative of s**4/12 + 36*s**2 + 2*s - 4. List the prime factors of a(12).
2, 3
Let j(c) = c**3 - 20*c**2 + 2*c - 35. Let s be j(20). What are the prime factors of s - 11 - -2 - -1194?
2, 5, 7, 17
Let d be (-36)/(-10) + -1 - 75/125. Suppose -5*v = -2*f - 517, f + d = -f. What are the prime factors of v?
103
Suppose -2972 = 2*z - 0*z - 5*u, -2970 = 2*z - 4*u. Let m = 2465 + z. What are the prime factors of m?
2, 3, 41
Let x(o) = -o**3 + 10*o**2 - 7*o + 24. Let g(d) = 37*d**2 + 6*d - 5. Let b be g(1). Let l = -29 + b. List the prime factors of x(l).
2, 3, 7
Let u be ((-12)/8)/(2 + (-14)/4). Let t be 0 + ((-15)/(-3) - u/(-1)). Suppose -2*k - 896 = -t*k. List the prime factors of k.
2, 7
Let s = -35 + 36. Suppose -7*f + 6*f = s. Let q(n) = 106*n**2 - 2*n - 1. List the prime factors of q(f).
107
Suppose 5*j = -5*j + 5640. Suppose 4*a + j = 16*a. Suppose -43*p - 160 = -a*p. What are the prime factors of p?
2, 5
Let p(m) be the second derivative of -10*m**3 + 5*m**2/2 + 6*m. Let t(z) = -2*z**2 + 2*z + 2. Let g be t(-1). What are the prime factors of p(g)?
5
Suppose 0 = -340*p + 7671467 + 16640233. What are the prime factors of p?
3, 5, 7, 227
Let i(m) = 5*m**2 - m - 3. Let b be i(-1). Suppose -627 = -b*z + 534. What are the prime factors of z?
3, 43
Let c(z) = -2957*z - 369. What are the prime factors of c(-7)?
2, 5, 19, 107
Suppose 2*n = -4*s - 6, s + s - 15 = 5*n. Suppose -58*p + 82*p - 10176 = s. List the prime factors of p.
2, 53
Let y(h) be the third derivative of -1/60*h**5 - 17/24*h**4 + 3*h**2 - 7/2*h**3 + 0 + 0*h. List the prime factors of y(-9).
3, 17
Let u = -1186 - -1191. Let r(j) = -2*j - 1. Let k be r(-3). Suppose -k*s = -2*z + 301, -u*s = 2*z - 218 - 93. What are the prime factors of z?
3, 17
Let k(d) = 1185*d**2 - 276*d + 1927. What are the prime factors of k(7)?
2, 5, 2903
Suppose 0 = -5*s + 4*m - 531, s + 0*s = -m - 99. Let g(q) = 24*q + 10. Let p be g(-8). Let f = s - p. List the prime factors of f.
79
Let o be 50/(-3)*(-44 + -12 + 2). Let x = 486 + o. What are the prime factors of x?
2, 3, 7, 11
Suppose -2*c + 11714 + 7381 = -x, 47739 = 5*c - x. List the prime factors of c.
2, 7, 11, 31
Let w = 7 - -2. Let i = w - 4. Suppose -i*s + 468 = s. List the prime factors of s.
2, 3, 13
List the prime factors of ((-169184)/(-85))/(17/85).
2, 311
Let x = 470 + -467. Suppose 2802 = x*z + 3*v, 15*v - 1 = 14*v. List the prime factors of z.
3, 311
Let d = -253 - -2644. What are the prime factors of d?
3, 797
List the prime factors of ((-9)/27)/(3 - -7581*(-12)/30321).
1123
Let r = 616 - 346. Suppose 5*s + 4*n = 994, 3*s - 3*n - 321 - r = 0. What are the prime factors of s?
2, 3, 11
Let c be (-10)/(-3) - 4/12. Let d(v) = v**2 + 9*v + 89. Let f be d(-7). Suppose f = c*s - 36. List the prime factors of s.
37
What are the prime factors of (-156)/2028 + (-81290)/(-13)?
13, 37
Suppose s - 2*s + 5 = 0. Suppose 27301 = 32*b - 16443. Suppose s*m = -267 + b. What are the prime factors of m?
2, 5, 11
Let a(x) = -3*x**2 - x + 5. Let w be a(0). Suppose k - 373 + 1328 = 5*s, -k = -w. What are the prime factors of s?
2, 3
Let q be ((-2)/(-4))/(2/12). Let n be (-3)/(45/(-10)) - (-4)/q. Suppose -n*d + 4*k + 92 = -d, d - 124 = -4*k. What are the prime factors of d?
2, 3
Suppose 15*u = 7*u + 109539 + 127205. What are the prime factors of u?
101, 293
Let j(a) = 5*a**3 - 8*a**2 - 13. Let n be j(7). Suppose -3926 = -3*p + c - 0*c, p - n = c. What are the prime factors of (0 - (-3)/(-1))/((-18)/p)?
2, 109
Suppose t - 52637 = 8*l - 9*l, -4*l + 2*t + 210554 = 0. List the prime factors of l.
2, 3, 31, 283
Let c(k) = -13*k - 35. Suppose 20*q = 21*q + 15. Let r be c(q). Suppose -15*d + 16*d = r. List the prime factors of d.
2, 5
Suppose -3*m - 8 = -m, -3*y + m + 40 = 0. What are the prime factors of 10896/80 - y/(-15)?
137
Let i(j) = j**2 + 8*j - 2. Let k be i(-9). Suppose -8*v = -k*v - 111. Let u = v - 79. What are the prime factors of u?
2
Let b = 49 - 49. Let y(t) = t**2 + 14. Let j be y(b). List the prime factors of 3185/j + (-3)/(-2).
229
Let q = 31567 - 20415. What are the prime factors of -14 + q/12 - 1/3?
3, 5, 61
Let l(v) = 391*v**2 + v + 1. Let a = 161 - 162. What are the prime factors of l(a)?
17, 23
Suppose 347 = 2*y - 957. Suppose -5*c - 4*p = -y, -p = -6*c + 3*c + 381. List the prime factors of c.
2
Let a = 388 - -79. Let c be a/5 - (-4)/(-30)*3. Let v = c + 20. What are the prime factors of v?
113
Suppose -111*a + 70*a = -123. Let n be 1/3 - 34/(-6). Suppose -a*o + 387 = n*o. List the prime factors of o.
43
Suppose 10444*y - 259455 = 10423*y. List the prime factors of y.
5, 7, 353
Let d be -7*(16/28 - 4). Let i = -20 + d. Suppose 6*a = 4*v + 4*a - 18, -i*v = -3*a - 13. What are the prime factors of v?
7
Suppose -29*o = -31*o + i + 47951, 0 = 4*i + 20. What are the prime factors of o?
3, 61, 131
Suppose 3*n - 7*g - 3255 = -8*g, 2*g = -6. Suppose 3*x + n = 9*x. What are the prime factors of x?
181
Let b(r) be the third derivative of 37*r**4/24 - 3*r**3/2 + 9*r**2. Let w be b(4). Suppose 249 + w = 4*d. What are the prime factors of d?
97
Let k = 3719 + -2536. Suppose k = 10*w - 377. List the prime factors of (-2 - -3 - 4) + w + -1.
2, 19
Suppose 5*h - 20 = h. Suppose -3*v = -h*r + 1047, 11 = -3*r - 2*v + 624. Suppose -r = -3*u + 108. What are the prime factors of u?
3, 5, 7
Let c(y) = -211*y + 32. Let j be c(-5). Let p = -559 + j. List the prime factors of p.
2, 3, 11
Let s be (-3)/1*4/(-3). Suppose -7*u - 10 = -24. Suppose u*o - 118 = -2*m, o + s*m - 63 = 2*m. List the prime factors of o.
5, 11
Let r(c) = 47*c + 64. Let i be r(7). Let p = 641 - i. List the prime factors of p.
2, 31
Let y(m) be the first derivative of -m**4/4 - 29*m**3/3 + 16*m**2 - 11*m + 42. List the prime factors of y(-31).
919
Let k(i) = -4*i**3 + i**2 - 8*i - 18. Let s be k(5). Let u = -128 - s. What are the prime factors of u?
3, 5
What are the prime factors of (1422/8)/(162/4752)?
2, 3, 11, 79
Suppose k + 4*j + 0 - 6 = 0, 2*k - 5*j - 38 = 0. Suppose -2*u + 3 = q, -2*q = -2*u - 2*u - k. Let f(z) = 9*z**2 + 2*z + 2. What are the prime factors of f(u)?
3
Let q = -19908 - -24049. List the prime factors of q.
41, 101
Let p(w) = 4*w**2 + 213*w + 3051. What are the prime factors of p(-104)?
73, 331
Let m be 6/4 - 2090/(-76). Suppose -m*d = 3*d - 704. What are the prime factors of d?
2, 11
Suppose 342 = 5*h + 2*u, 2*h = -2*h - 3*u + 275. Let o = 198 - h. Suppose -3*g = 6*f - 2*f - 278, -3*g - o = -2*f. List the prime factors of f.
2, 17
Let j(l) be the second derivative of -19*l**3/6 - 45*l**2/2 + 2*l + 15. What are the prime factors of j(-6)?
3, 23
Suppose -4*g = 5*q + 2216, -1773 = 4*q + 5*g - 2*g. Let s = 270 + q. Let x = s - -301. List the prime factors of x.
127
Let p = -214 + 231. Let r(x) = x + 21. List the prime factors of r(p).
2, 19
Let u(x) be the first derivative of 5*x**2 + 56*x - 141. What are the prime factors of u(8)?
2, 17
List the prime factors o